0). What is the greatest common factor of 76 and a?
19
Suppose -f = -911 + 409. Calculate the greatest common divisor of f and 2.
2
Let j be ((-1488)/9 - 2)/((-146)/876). Calculate the greatest common divisor of 12 and j.
4
Suppose -f - 3*d = -74, -280 = -5*f + 3*d + 126. Calculate the highest common divisor of f and 16.
16
Suppose 5*u - 45 = -20. Suppose 0 = -l + u*q - 2, l - 5*q + 2*q = 8. What is the greatest common factor of 115 and l?
23
Suppose 76 = l - 34. Let v(i) = i**3 - 10*i**2 - 16*i - 269. Let q be v(13). Calculate the greatest common factor of l and q.
10
Let h be 378035/98 + 1/2. What is the greatest common factor of h and 6?
6
Let r(o) be the second derivative of -o**5/10 - o**3/3 - 12*o**2 - 74*o. Let d be r(-3). What is the greatest common divisor of 48 and d?
12
Let j be ((-6146)/(-126) + -11)*9. What is the greatest common factor of j and 460?
20
Let z(s) = -2*s**3 + 116*s**2 + 7*s - 185. Let w be z(58). What is the highest common factor of w and 1781?
13
Suppose 0 = 92*v + 426 - 1614 - 652. Suppose 64 = 2*q - 216. What is the highest common divisor of q and v?
20
Let g(l) = -l**2 + 40*l + 27. Let v(p) = -2*p**2 - 35*p - 12. Let m be v(-16). Let k be g(m). Calculate the highest common divisor of k and 18.
9
Let y be ((-42)/35)/((-6)/40). Suppose -y - 80 = -2*s. What is the highest common divisor of 16 and s?
4
Let p(j) = 40*j**2 + 10*j - 3. Let t be p(-4). Let u = -350 + t. Calculate the highest common factor of u and 19.
19
Let q be 8/(-5) + 2 + 169/65. Let l be -2 + q + 0 + 76. Suppose -4*o - l = -3*i, 0 = -i - 3*o + 2*o + 35. What is the greatest common factor of 217 and i?
31
Let a = 7 - 2. Let j(p) = 8*p - 37. Let y be j(5). Suppose -y*q + 18 = -2*i, 4*i + 14 = 2. What is the highest common factor of a and q?
1
Let i = 56 + -14. Let s be ((-7)/2)/(-8 + 382/48). Calculate the greatest common divisor of i and s.
42
Suppose -37*h + 967 + 654 - 400 = 0. What is the highest common factor of 45 and h?
3
Let u be 3/((-184)/414*1/(-936)). What is the highest common factor of 26 and u?
26
Suppose 201*k = 188*k + 3796. What is the greatest common divisor of 219 and k?
73
Let n be 1 - 0/(-2) - (23 + -19). Let o be 2 - n - -45 - 3. What is the highest common divisor of o and 799?
47
Let q(t) = 5*t + 34 - 74 + 42. Let f be q(0). Let o be (-2)/(f/(-4)*4/12). Calculate the highest common factor of o and 84.
12
Let v = 280 + -399. Let q be v/(2 - 95/15 - -4). Calculate the highest common factor of q and 21.
21
Let z(n) = 119*n - 657. Let i be z(9). Let a = -220 - -274. Calculate the greatest common factor of i and a.
18
Let f = 204 - 214. Let v be (-2025)/f + (-2)/(-4). What is the highest common factor of v and 145?
29
Suppose 0 = -3*a - 5*q + 3582 - 495, -6*a - 3*q + 6195 = 0. Calculate the greatest common divisor of a and 752.
94
Let v(g) = 192*g - 173. Let y be v(3). What is the greatest common divisor of y and 273?
13
Let g(k) be the second derivative of -k**3/6 + 5*k**2 + 3*k. Let q be (-14)/(-11)*132/24. Let c be g(q). What is the greatest common divisor of 15 and c?
3
Suppose -d - 351*y + 352*y = -57, -106 = -2*d + 4*y. Calculate the highest common divisor of d and 1.
1
Let v be 9/(630/7196) - 4/5. Calculate the greatest common factor of 102 and v.
102
Let v(m) = 2*m**2 - 24*m - 11. Let u be v(18). Suppose a = 6*a + u. Let q = -37 - a. Calculate the highest common divisor of 28 and q.
4
Let u(m) = -175*m + 2415. Let d be u(11). Let g be (-2)/(-3) - (-328)/12. What is the greatest common divisor of d and g?
14
Suppose 2*a = 4*f + 4*a - 104, -4*f - 4*a = -112. Suppose -3*v = -0*v + f. Let g be (3 - 12/v)/(2/8). Calculate the highest common divisor of g and 18.
18
Suppose -2*w - 1604 = -4*w - 2*m, 0 = -3*w + m + 2414. Suppose 0 = 29*y - 8012 - w. Calculate the greatest common factor of y and 228.
76
Let s(a) = a**2 - 16*a - 7. Let h be s(16). Let p be h/14*-4*(-1 + 2). Suppose -21 = -p*n + 3. Calculate the greatest common factor of 30 and n.
6
Let i be ((-168)/(-30))/(2/20). Suppose -24*u + 25*u - i = 0. Calculate the greatest common divisor of u and 16.
8
Suppose -37312 + 25487 = -86*x + 31519. What is the highest common factor of 576 and x?
72
Let k = -2688 - -2768. What is the highest common divisor of k and 512?
16
Suppose -5*k = -k - 40. Let s(q) = q**3 + 6*q**2. Let a be s(-6). Suppose a = 2*o + z - 0*z - 97, z = o - 53. Calculate the highest common factor of o and k.
10
Let g be (-118)/(-12) + (19/6)/19. Let y be (1081 + -1)*3/6. Suppose -8*m = -3*m - 20, -y = -4*d - 5*m. What is the highest common factor of d and g?
10
Suppose -1041*l = -981*l - 6240. What is the greatest common divisor of 75608 and l?
104
Suppose -9945 = 2*n - 11*n - 4*n. What is the highest common divisor of n and 18?
9
Suppose 24*s - 5199 = 11*s + 2913. What is the highest common divisor of s and 780?
156
Suppose 57 = 6*o + 2*p - 149, -3*o + 115 = -5*p. What is the highest common divisor of 2765 and o?
35
Suppose 21*m - 933079 = -32*m + 258096. What is the highest common factor of m and 31?
31
Suppose 56*j = 58*j - 704. Suppose 23*m - j = 12*m. What is the greatest common factor of m and 8?
8
Let d be -5 + 131776/216 + 14/(-189). Calculate the greatest common factor of 121 and d.
121
Let h(i) = 4*i**3 - 8*i**2 - 45*i + 211. Let l be h(7). What is the highest common factor of 36 and l?
12
Suppose 5*s - 72 = 63. Let z = 3 + -374. Let o = z + 374. Calculate the greatest common divisor of o and s.
3
Let w be 20 + (-1)/(5*4/(-60)). Suppose -g = 5*x - 396, 5*x + 1338 = 4*g - 221. Calculate the greatest common divisor of g and w.
23
Let g(j) = j**3 - 13*j**2 - 13*j + 99. Let v be g(16). Let q = v + -624. What is the greatest common factor of 63 and q?
7
Let k(j) = 6*j**2 + 20*j - 54. Let a be k(3). What is the greatest common factor of 580 and a?
20
Let f(g) = 5*g - 36. Let y be f(8). Suppose j = -s - 3, -4*s - 7 = -2*j + 17. Calculate the highest common divisor of j and y.
2
Let f(z) = -2*z**3 + 40*z**2 + 100*z + 63. Let l be f(21). Calculate the highest common factor of 1464 and l.
183
Let f = 132 + -129. Let v be (0 - f) + 88 + -7. What is the highest common divisor of 624 and v?
78
Suppose -o + 125 = 4*o. Suppose 100 - 142 = 2*y. Let f = o + y. What is the greatest common divisor of 1 and f?
1
Let o = 684 + -442. Let f = -106 + o. Calculate the greatest common factor of f and 17.
17
Let y(v) = -v**2 - 7*v + 5. Let i be y(-7). Suppose -2*n + 549 = 3*x, -12 = -i*x - 7. Calculate the highest common factor of n and 63.
21
Suppose p + 3*p + 12 = 2*f, 5*p + 6 = -2*f. Suppose -3*w + 0*l = -3*l, l - 3 = -f*w. What is the greatest common divisor of 13 and w?
1
Suppose 0 = -369*t + 372*t - 60. Suppose -z = -10 - 10. Calculate the highest common divisor of t and z.
20
Let z = -148 + 150. Let g(q) = q**2 + 3*q + 1. Let h be g(-4). Suppose z*t - 17 = -h. What is the greatest common factor of t and 48?
6
Suppose 4*j - 4*m - 2141 = 123, -580 = -j + 3*m. What is the highest common factor of 1591 and j?
43
Let x(w) be the third derivative of -w**6/120 - 37*w**5/60 - 27*w**4/4 - 5*w**3 - 9*w**2. Let c be x(-32). What is the highest common factor of 34 and c?
34
Suppose 0 = -5*z + f + 2356 - 658, -2*z + 693 = -5*f. Calculate the greatest common divisor of z and 565.
113
Let j be ((-2)/(-6) - 1)/((-14)/126). Let z be ((-246)/7)/3 + j/(-21). Let n = z + 33. Calculate the greatest common factor of n and 231.
21
Suppose 0 = -70193*z + 70224*z - 201314. What is the highest common divisor of z and 136?
34
Let f be 159/(-9) + (-8)/(-12). Suppose n + 5 = 16. Let t = n - f. Calculate the highest common factor of 21 and t.
7
Let z be 54/(-6) - -4572*5/10. Calculate the greatest common divisor of z and 231.
33
Suppose 3*c = -0*c + 15. Let i be -3 - c/(30/(-174)). Let h(o) = -o**2 + 10*o - 7. Let y be h(9). Calculate the greatest common divisor of y and i.
2
Let n be (-21)/(-4) + 9/(-30 - 6). Suppose -n*c + 5*y = -100, -2*y + 4 = -c + 22. What is the highest common factor of 242 and c?
22
Suppose 19 - 10 = -3*d. Let h be (-199)/(-7) - (d - 48/(-14)). What is the highest common divisor of h and 56?
28
Suppose -20*y + 305 + 309 = 14. Calculate the highest common factor of 15 and y.
15
Suppose 0 = 4*p + 13*p + 204. Let q be 8 - (-3)/(p/(-16)). Let g(f) = 4*f**2 + 5*f + 7. Let m be g(